e highest common divisor of 157363122 and 210?
42
Calculate the highest common factor of 24 and 18782520.
24
Calculate the highest common factor of 84594654 and 71.
71
Calculate the greatest common factor of 6028 and 3004273.
137
Calculate the highest common divisor of 62 and 5500379042.
62
Calculate the highest common factor of 16988 and 1471260.
124
Calculate the greatest common factor of 19317114 and 36.
18
Calculate the highest common factor of 116362 and 28178.
146
Calculate the greatest common factor of 1199 and 639180905.
1199
What is the greatest common divisor of 149127447 and 399?
399
What is the highest common divisor of 45316 and 756?
4
What is the greatest common factor of 31465924 and 28?
28
Calculate the greatest common factor of 370920 and 133320.
1320
What is the greatest common divisor of 590138 and 8381?
289
Calculate the highest common factor of 14476572 and 3058.
3058
Calculate the greatest common factor of 26314786 and 4891.
67
Calculate the highest common divisor of 3490936 and 6408.
712
What is the greatest common divisor of 8 and 2533502?
2
What is the highest common factor of 34060725 and 675?
225
What is the highest common divisor of 7738 and 768544?
146
What is the highest common factor of 95 and 434842265?
95
What is the highest common factor of 1 and 1670831?
1
Calculate the highest common divisor of 137294913 and 882.
147
Calculate the highest common factor of 44084 and 3124196.
412
What is the highest common divisor of 5026328 and 1534?
118
Calculate the greatest common factor of 73737 and 6.
3
Calculate the greatest common factor of 466 and 376145647.
233
What is the highest common factor of 715689 and 3081?
39
Calculate the highest common divisor of 735 and 470892940.
245
Calculate the highest common factor of 2715 and 3216045.
15
Calculate the greatest common factor of 199018638 and 66.
6
What is the highest common divisor of 239861 and 2096?
131
Calculate the highest common divisor of 1904 and 60086194.
238
Calculate the highest common divisor of 16 and 47139464.
8
What is the highest common divisor of 1559829882 and 2643?
2643
What is the greatest common divisor of 2723 and 2676464?
7
What is the highest common divisor of 60 and 2067075?
15
What is the highest common factor of 9664548 and 48396?
444
Calculate the highest common factor of 9636831 and 227.
227
Calculate the highest common divisor of 66 and 6160242.
66
What is the greatest common factor of 1240 and 11849936?
248
Calculate the greatest common factor of 7378230 and 30.
30
What is the highest common factor of 9685 and 213463360?
745
Calculate the highest common factor of 1611675 and 4693.
247
What is the highest common factor of 18018 and 4399758?
198
What is the greatest common factor of 125930 and 11564?
98
What is the greatest common factor of 59053340 and 60?
20
Calculate the highest common divisor of 60 and 7543460.
20
Calculate the highest common factor of 21150240 and 1390.
1390
What is the greatest common divisor of 14707 and 5744134?
2101
What is the highest common factor of 166874380 and 17340?
5780
What is the highest common divisor of 161244 and 9986677?
1493
Calculate the highest common divisor of 2310 and 5178390.
210
What is the greatest common divisor of 5078 and 23428?
2
What is the highest common factor of 491050487 and 146?
73
What is the greatest common factor of 1736 and 980938?
14
What is the highest common divisor of 5055 and 1063160?
5
What is the highest common factor of 116 and 2545678?
58
What is the highest common factor of 10738696 and 680?
136
What is the greatest common divisor of 1154112 and 180?
12
What is the highest common factor of 775 and 985400?
25
What is the greatest common factor of 4253145 and 2652?
663
Calculate the greatest common divisor of 4357350 and 1525.
25
Calculate the greatest common divisor of 58561251 and 15852.
3963
What is the greatest common divisor of 93695634 and 1098?
1098
Calculate the greatest common factor of 12937993 and 2614.
1307
What is the greatest common divisor of 3668 and 6693052?
524
What is the greatest common factor of 22323794 and 3010?
86
What is the greatest common factor of 28431 and 153426?
39
Calculate the highest common divisor of 4125 and 672408.
33
What is the highest common divisor of 5187 and 89754?
21
What is the highest common factor of 4294172 and 8090?
1618
Calculate the greatest common factor of 114 and 7106817.
57
Calculate the greatest common factor of 62891 and 84424.
61
What is the highest common factor of 56943 and 437247?
171
What is the highest common factor of 12 and 18505362?
6
What is the greatest common factor of 125400 and 79230?
570
What is the highest common divisor of 2886255 and 77655?
465
Calculate the greatest common factor of 16490700 and 657.
657
Calculate the greatest common divisor of 25793074 and 2576.
46
Calculate the greatest common factor of 105184 and 992.
32
Calculate the greatest common factor of 39909 and 217353.
159
What is the greatest common divisor of 1946618465 and 11?
11
Calculate the greatest common divisor of 1871022 and 348.
174
What is the greatest common divisor of 116960 and 324?
4
What is the highest common divisor of 14038625 and 325?
25
What is the highest common divisor of 79288 and 37818880?
1496
Calculate the greatest common factor of 1493 and 4127185001.
1493
Calculate the greatest common factor of 2331 and 30493701.
63
What is the greatest common divisor of 185 and 8465119?
37
Calculate the highest common factor of 10210 and 5362843340.
10210
Calculate the highest common factor of 26480522 and 668.
334
Calculate the highest common factor of 34971870 and 30.
30
Calculate the greatest common factor of 284721526 and 244.
122
Calculate the greatest common factor of 1581490 and 8350.
1670
Calculate the highest common factor of 464332 and 10032.
44
Calculate the greatest common factor of 21547264 and 40.
8
What is the greatest common divisor of 1884190 and 26510?
110
Calculate the highest common divisor of 1295668591 and 3703.
3703
Calculate the highest common divisor of 158316 and 152154.
474
What is the highest common factor of 10717014 and 4466?
154
Calculate the highest common factor of 368 and 1913669.
23
Calculate the greatest common factor of 1110609 and 1647.
9
Calculate the highest common factor of 756 and 5428542.
42
Calculate the greatest common divisor of 10434825 and 36.
9
What is the highest common factor of 6803664 and 126336?
336
Calculate the highest common factor of 465181 and 901.
53
What is the highest common divisor of 575 and 18998575?
575
Calculate the highest common divisor of 1317 and 11901.
3
What is the highest common divisor of 408 and 216926928?
24
Calculate the highest common factor of 159 and 26193.
3
Calculate the highest common factor of 51 and 1997958.
3
Calculate the highest common factor of 1378 and 46226388.
1378
Calculate the greatest common divisor of 25346 and 105212.
58
What is the greatest common factor of 23343801 and 624?
39
What is the highest common factor of 6402 and 1294562?
194
Calculate the highest common factor of 834 and 761714718.
834
Calculate the greatest common factor of 12543 and 991785.
111
Calculate the greatest common factor of 6340 and 63398415.
1585
Calculate the highest common factor of 525 and 295228875.
75
Calculate the highest common divisor of 1635807178 and 628.
314
Calculate the greatest common factor of 950 and 119810.
10
What is the greatest common divisor of 294835 and 620?
5
Calculate the highest common divisor of 6977240 and 49240.
40
Calculate the greatest common divisor of 124304763 and 6710.
671
Calculate the greatest common divisor of 1482 and 315438.
114
Calculate the highest common divisor of 498 and 8439357.
249
What is the highest common factor of 56481 and 156445?
67
What is the greatest common factor of 5200 and 3034135?
65
Calculate the greatest common divisor of 297 and 29546154.
297
Calculate the greatest common factor of 63365 and 39506410.
3335
What is the highest common factor of 19950593 and 481?
13
Calculate the greatest common factor of 93 and 33941373.
93
Calculate the highest common factor of 85050 and 3573.
9
What is the highest common factor of 102206 and 2015?
13
Calculate the greatest common divisor of 15395774 a